 -30 + o. What is the highest common factor of x and 288?
32
Let q(u) = -u + 29. Let a be q(5). What is the highest common divisor of a and 12?
12
Let l be (0 - -2 - -1) + 2. Suppose h - 124 + 17 = 4*u, l*h = -u + 493. Calculate the greatest common divisor of h and 11.
11
Suppose -12*v = -15*v + 54. Suppose b = -0*b + 24. Let c be 1390/v + b/(-108). What is the greatest common factor of c and 11?
11
Let h(c) = -c**2 + 5*c + 2. Let v be h(5). Suppose 5*n = v*b + 30, -3*n = 2*n - 3*b - 30. Let t = 277 - 235. Calculate the highest common factor of n and t.
6
Let c(k) = -k**2 + 5*k + 1. Let b be c(4). Let p(g) = g - 2*g - b - 4 + 4*g. Let y be p(10). Calculate the greatest common divisor of y and 3.
3
Suppose -5*v = 134 - 739. What is the greatest common factor of 11 and v?
11
Suppose 3*n + p = 85, 0 = 3*p + 2 + 13. Let k = -32 + 47. Calculate the highest common divisor of k and n.
15
Suppose 3*j - 31 = -4*v + 6*j, 3*v = 4*j + 32. Suppose -f - v*h = -32, h - 5*h + 56 = 3*f. Calculate the greatest common divisor of 48 and f.
12
Let z be ((-22)/8)/(80/(-1920)). What is the greatest common divisor of z and 506?
22
Let z = 47 + -25. Let b = 11 + 44. Calculate the highest common divisor of b and z.
11
Let p be 4/(-2) - (11 - 13). Suppose p = 9*u - 4*u - s - 69, 37 = 3*u - 5*s. Calculate the highest common divisor of u and 42.
14
Let x(c) = c**3 - 2*c**2 + c - 2. Let s be x(5). Suppose -3*l = 3*o - 12, -5*l = -974 + 984. Calculate the highest common factor of o and s.
6
Suppose 6*x + 19*x = 200. What is the greatest common divisor of x and 38?
2
Let t be (-175)/(-28) + (-1)/4. What is the greatest common factor of 14 and t?
2
Let z = 418 - 310. What is the greatest common divisor of z and 468?
36
Suppose -12 = -5*y - u, -5*y + 0*y + 2*u = -21. Let m be y/5 - (-185)/25. Calculate the greatest common divisor of 40 and m.
8
Let l(r) = r**3 + 12*r**2 + r + 66. Let t be l(-12). Let o be (-2)/10 - 186/(-30). What is the highest common divisor of o and t?
6
Suppose -950 = 6*i - 16*i. What is the greatest common divisor of i and 19?
19
Let i = 933 - 597. Calculate the greatest common divisor of 63 and i.
21
Let a(z) = 103*z**2 - 18*z - 17. Let f be a(-1). What is the highest common divisor of f and 13?
13
Let s(u) = 37*u**2 + u. Let x be s(-1). Let m be 20*5/10 + 2. Calculate the highest common divisor of x and m.
12
Suppose -12*s = -14*s + 16. Calculate the highest common factor of 536 and s.
8
Let k = 222 - 137. What is the highest common factor of 17 and k?
17
Suppose -4*m + x = -23, 8*m = 3*m - 4*x + 55. Suppose -m*w = -8*w + 28. Calculate the highest common divisor of 14 and w.
14
Suppose 2*z + 1 = -15. Let r(x) = -x**2 - 10*x - 1. Let l be r(z). Suppose 0 = -5*w - 0*w + l. What is the greatest common factor of w and 3?
3
Let b(r) = -2*r**2 + 4 + 7*r**2 - 8*r - 2*r**2 + 0*r**2. Let a be b(8). Calculate the greatest common factor of 12 and a.
12
Suppose 5*r - 4 = 5*p - 2*p, -2*p - 4 = -2*r. Let k(l) = -10*l**2 + 2*l + 4. Let w be k(p). Let g = w - -192. Calculate the greatest common factor of 40 and g.
20
Suppose -2*t + 0*t = x + 101, -5*t - 485 = 5*x. Let w = x - -149. Calculate the greatest common divisor of w and 7.
7
Let y(a) = -3*a**2 - 42*a + 26. Let z be y(-14). What is the highest common divisor of z and 208?
26
Let k = 2859 - 2730. Calculate the highest common factor of 258 and k.
129
Let j(b) = -b + 10. Let l be (2/24*4)/1*-15. Let f be j(l). Calculate the highest common divisor of 45 and f.
15
Let s = -150 - -204. Calculate the highest common factor of s and 81.
27
Suppose 3*u - 31 - 22 = 4*w, 0 = 3*u - w - 47. What is the highest common divisor of 105 and u?
15
Suppose -89 = 4*c + 463. Let s = c + 242. Calculate the greatest common factor of 26 and s.
26
Suppose x - 23 = 5*m - 3, m + 2 = 0. What is the greatest common divisor of x and 515?
5
Suppose -5667 - 5799 = -21*c. What is the highest common factor of c and 52?
26
Let w(t) = -5*t + 3. Let i be w(3). Let n be (-9)/(-6) - (-78)/i. Let p = 16 + n. What is the highest common factor of p and 88?
11
Let f(a) = -54*a - 6. Let p(v) = -36*v - 4. Let r(s) = -5*f(s) + 7*p(s). Let o = 68 - 67. Let i be r(o). Calculate the greatest common factor of 140 and i.
20
Suppose -32*l + 1344 - 128 = 0. What is the greatest common factor of l and 1976?
38
Suppose 23*c - 630 = 8*c. Let x = c - -90. What is the highest common factor of 33 and x?
33
Let s(m) = m**2 - 14*m - 77. Let k be s(19). Suppose -4*o = -194 + 14. What is the greatest common divisor of k and o?
9
Let k = 40 - 40. Suppose -3*w + 24 = -4*n, 5*w + 3*n - 30 - 39 = k. Calculate the highest common divisor of 24 and w.
12
Suppose -381 = -4*o - 117. What is the greatest common divisor of o and 297?
33
Let c = 499 + -394. What is the highest common factor of 84 and c?
21
Suppose 7*t - t = 12. Suppose -t*v - 4 = 0, -2*o - 4*v = -8*v - 12. Calculate the highest common factor of o and 4.
2
Let x(h) = h + 19. Suppose 4*o = p + 5*o, -p - 2*o = 0. Let a be x(p). Let r = 484 - 332. What is the highest common divisor of r and a?
19
Let z be (1 - (-76 - -2)) + (7 - 1). What is the highest common factor of 63 and z?
9
Suppose d = 5*y + 28, 5*d - 2*y = 124 + 108. What is the highest common factor of d and 64?
16
Let j = 10 + 21. Suppose 0 = -4*n + j + 41. What is the highest common factor of n and 6?
6
Suppose -4*t - 3*f = f - 672, 0 = 2*t + 3*f - 340. What is the highest common divisor of t and 4?
4
Let j be -1 + (-80)/(-6) - (-49)/(-147). What is the highest common divisor of 672 and j?
12
Let i = 1853 - 1264. What is the greatest common divisor of 31 and i?
31
Let k be 2 + (99 - (3 - 0)). What is the highest common factor of k and 14?
14
Let d(k) = -k - 10. Let t be d(-12). Suppose -2*q + 150 = -2*h, -t*q - 5*h = 3*q - 425. What is the greatest common factor of 32 and q?
16
Let s(q) = -9*q - 19. Let o(f) = 10*f + 19. Let t(c) = 3*o(c) + 4*s(c). Let g be t(-6). What is the highest common divisor of g and 153?
17
Let k(w) = 0*w**2 + 2*w**2 + w + 2 - w**2 + 6*w. Let s be k(-8). Suppose 5*n = -3*g + 322 - 97, -g + n + 83 = 0. What is the greatest common factor of s and g?
10
Let m = 1349 + -608. Calculate the highest common factor of m and 13.
13
Let h be 20/6*(-12)/(-10). Calculate the greatest common factor of 284 and h.
4
Let g(u) = -u + 48. Let t be g(-7). What is the highest common factor of 88 and t?
11
Suppose -10*g + 3*g = 7. Let k be g - (-2)/((-4)/(-8) - 0). What is the greatest common factor of 1 and k?
1
Let r be ((-6)/4)/(6/(-88)). Suppose 0 = -0*q - 5*q + 35. Suppose 4 = z - 2*i, -7 = -z + q*i - 2*i. Calculate the highest common divisor of r and z.
2
Suppose 4*v - 30*h + 31*h = 33, 0 = 5*v - 4*h - 15. Calculate the highest common divisor of 308 and v.
7
Suppose 252 = 9*u + 9*u. Calculate the greatest common divisor of 42 and u.
14
Suppose -4*h + 5*q = -52, 0 = -4*h + q - 2*q + 76. Suppose 6 = -m + 5. Let f be m/((-3)/(-6)) + 4. What is the greatest common factor of h and f?
2
Let f(n) = n + 14. Let p be f(3). Suppose 0 = -4*g + 5*g - 5. Suppose -2*h - g = -p. What is the highest common factor of 9 and h?
3
Let x = 106 + -72. Calculate the highest common factor of 34 and x.
34
Suppose m + 2*m - 19 = -5*o, 0 = -2*m - 2*o + 14. What is the greatest common factor of 104 and m?
8
Let g = -57 + 59. Suppose 0 = -3*f + g*p + 86, 2*f = -3*f - p + 139. Calculate the greatest common divisor of 7 and f.
7
Let k(z) be the second derivative of -z**4/12 + 5*z**3/2 + 19*z**2/2 - 7*z. Let i be k(11). Calculate the highest common divisor of 42 and i.
21
Suppose -4*y = 85 - 225. Suppose -35 - 55 = -5*u. Suppose 4*q + 2*t - 29 = 5*t, -3*q + u = -t. What is the greatest common factor of q and y?
5
Let t = 50 - 35. Let f = -193 - -388. What is the highest common factor of f and t?
15
Let o be 1*-19*1/(-1). Let m = o - 12. What is the greatest common factor of 14 and m?
7
Let s(d) = -19*d - 5. Suppose 3 - 7 = 4*v - 2*l, -2*l = 3*v + 17. Let w be s(v). What is the highest common divisor of w and 4?
4
Suppose 61*f - 165 = 50*f. What is the greatest common factor of f and 195?
15
Suppose 2*r + 14 = 9*r. Let l be 70 - -6 - (r - -2). Calculate the highest common factor of l and 48.
24
Suppose -3*q + 997 = 5*r, -4*r + q = -5*r + 199. What is the greatest common divisor of 1